Calculate the remainder when 6830454 is divided by 3074.
26
What is the remainder when 5710159 is divided by 1482?
13
Calculate the remainder when 930341 is divided by 10337.
11
Calculate the remainder when 13081737 is divided by 52.
45
Calculate the remainder when 128100 is divided by 1959.
765
Calculate the remainder when 807581 is divided by 403260.
1061
Calculate the remainder when 7854382 is divided by 2239.
2209
Calculate the remainder when 1958062 is divided by 29666.
106
Calculate the remainder when 6056069 is divided by 841.
28
What is the remainder when 347231 is divided by 86735?
291
What is the remainder when 93588 is divided by 909?
870
What is the remainder when 2380949 is divided by 165?
164
What is the remainder when 24012924 is divided by 428801?
68
What is the remainder when 389089 is divided by 16911?
136
What is the remainder when 417069 is divided by 701?
675
What is the remainder when 24019 is divided by 23997?
22
Calculate the remainder when 375841 is divided by 29.
1
Calculate the remainder when 1889983 is divided by 157497.
19
Calculate the remainder when 23917827 is divided by 29.
19
What is the remainder when 1534235 is divided by 1533728?
507
Calculate the remainder when 180579 is divided by 6449.
7
Calculate the remainder when 678516 is divided by 3498.
3402
Calculate the remainder when 6688690 is divided by 1404.
34
What is the remainder when 926864 is divided by 308949?
17
What is the remainder when 19484901 is divided by 14?
9
What is the remainder when 3455372 is divided by 157062?
8
What is the remainder when 63625 is divided by 15883?
93
Calculate the remainder when 16518346 is divided by 914.
538
Calculate the remainder when 69863216 is divided by 11643867.
14
Calculate the remainder when 10454958 is divided by 137565.
18
What is the remainder when 16964 is divided by 3019?
1869
Calculate the remainder when 50164011 is divided by 314.
313
Calculate the remainder when 2799 is divided by 1102.
595
What is the remainder when 57800535 is divided by 166?
165
Calculate the remainder when 39010 is divided by 5723.
4672
Calculate the remainder when 1180801 is divided by 738.
1
What is the remainder when 1896588 is divided by 24?
12
Calculate the remainder when 257338 is divided by 9893.
120
Calculate the remainder when 412201 is divided by 206058.
85
Calculate the remainder when 1106237 is divided by 20478.
425
Calculate the remainder when 230322 is divided by 45934.
652
What is the remainder when 1523242 is divided by 761412?
418
Calculate the remainder when 8803265 is divided by 4401629.
7
What is the remainder when 35848405 is divided by 94?
1
What is the remainder when 374242042 is divided by 39?
31
Calculate the remainder when 213362 is divided by 106659.
44
Calculate the remainder when 33811619 is divided by 58.
55
What is the remainder when 93421 is divided by 18597?
436
What is the remainder when 64786079 is divided by 10?
9
Calculate the remainder when 2348993 is divided by 587248.
1
What is the remainder when 3194951 is divided by 76?
63
What is the remainder when 825767 is divided by 237?
59
What is the remainder when 5421148 is divided by 271052?
108
Calculate the remainder when 36029 is divided by 4712.
3045
Calculate the remainder when 419950 is divided by 34949.
562
What is the remainder when 76538185 is divided by 313681?
21
Calculate the remainder when 455882 is divided by 3999.
3995
Calculate the remainder when 304628 is divided by 468.
428
Calculate the remainder when 14510338 is divided by 2420.
18
Calculate the remainder when 2309744 is divided by 544.
464
What is the remainder when 150677 is divided by 149971?
706
What is the remainder when 78136 is divided by 1089?
817
What is the remainder when 27453 is divided by 165?
63
What is the remainder when 2778763 is divided by 941?
931
Calculate the remainder when 6944123 is divided by 1697.
1696
What is the remainder when 2136062 is divided by 7657?
7416
Calculate the remainder when 85300 is divided by 4969.
827
What is the remainder when 34377634 is divided by 12?
10
What is the remainder when 781290 is divided by 3815?
3030
Calculate the remainder when 2009530 is divided by 2708.
194
Calculate the remainder when 1531504 is divided by 195.
169
What is the remainder when 16624327 is divided by 108?
103
What is the remainder when 350640 is divided by 196?
192
Calculate the remainder when 69846 is divided by 30567.
8712
Calculate the remainder when 3904 is divided by 3824.
80
What is the remainder when 10713 is divided by 4590?
1533
Calculate the remainder when 82028 is divided by 197.
76
Calculate the remainder when 837569074 is divided by 1387.
1384
What is the remainder when 876276 is divided by 1052?
1012
What is the remainder when 14941841 is divided by 59?
32
What is the remainder when 2733590 is divided by 75?
65
Calculate the remainder when 1837109 is divided by 1837082.
27
What is the remainder when 153869055 is divided by 541?
540
What is the remainder when 23144 is divided by 21694?
1450
Calculate the remainder when 3178824 is divided by 1059603.
15
Calculate the remainder when 14249386 is divided by 7124691.
4
Calculate the remainder when 379675 is divided by 3419.
166
What is the remainder when 318158 is divided by 10969?
57
Calculate the remainder when 60733256 is divided by 1963.
1962
What is the remainder when 11914990 is divided by 476599?
15
Calculate the remainder when 19090318 is divided by 136.
134
Calculate the remainder when 24046099 is divided by 42.
7
Calculate the remainder when 255344946 is divided by 2019.
2016
Calculate the remainder when 14228250 is divided by 184782.
36
What is the remainder when 50939495 is divided by 1819267?
19
What is the remainder when 2634649630 is divided by 27?
25
Calculate the remainder when 118256 is divided by 117237.
1019
Calculate the remainder when 11297525 is divided by 191483.
28
What is the remainder when 454500 is divided by 785?
770
What is the remainder when 10793161 is divided by 934?
791
Calculate the remainder when 1789810 is divided by 86.
64
What is the remainder when 1327267292 is divided by 31?
29
What is the remainder when 584651 is divided by 83420?
711
What is the remainder when 374004 is divided by 1496?
4
What is the remainder when 32315132 is divided by 28?
24
What is the remainder when 9020864 is divided by 1451?
1448
Calculate the remainder when 8330715 is divided by 19.
13
Calculate the remainder when 2044154 is divided by 953.
922
Calculate the remainder when 1470977 is divided by 190.
187
What is the remainder when 344009 is divided by 9982?
4621
What is the remainder when 87524 is divided by 250?
24
What is the remainder when 7773468 is divided by 2591143?
39
Calculate the remainder when 601050 is divided by 200311.
117
What is the remainder when 6665422 is divided by 128181?
10
Calculate the remainder when 49912 is divided by 84.
16
What is the remainder when 8068509 is divided by 183375?
9
What is the remainder when 19029658 is divided by 6442?
6432
Calculate the remainder when 152956 is divided by 50842.
430
What is the remainder when 1453747370 is divided by 77?
75
What is the remainder when 2706097 is divided by 506?
9
What is the remainder when 439210298 is divided by 17?
15
Calculate the remainder when 33192476 is divided by 3031.
3026
Calculate the remainder when 12607580 is divided by 70042.
20
Calculate the remainder when 470263 is divided by 1825.
1238
What is the remainder when 196109 is divided by 21788?
17
Calculate the remainder when 24322 is divided by 3949.
628
What is the remainder when 111836 is divided by 11698?
6554
Calculate the remainder when 2286592 is divided by 1349.
37
Calculate the remainder when 4282719 is divided by 417.
129
Calculate the remainder when 81951 is divided by 81938.
13
What is the remainder when 553511 is divided by 148?
139
Calculate the remainder when 167629282 is divided by 55876422.
16
Calculate the remainder when 5993120 is divided by 5.
0
What is the remainder when 3894579 is divided by 41?
30
Calculate the remainder when 796138 is divided by 17684.
358
Calculate the remainder when 6132126 is divided by 3066063.
0
Calculate the remainder when 12272675 is divided by 532.
499
What is the remainder when 54053 is d